20?
-112110110
In base 4, what is 200031013 - -30?
200031103
In base 2, what is 111010101101110111 - -10?
111010101101111001
In base 13, what is -bb48 - 6c?
-bbb7
In base 12, what is 3b + -25733?
-256b4
In base 16, what is -3f - -da?
9b
In base 15, what is -2d - 21045?
-21073
In base 14, what is -3318 - -14?
-3304
In base 13, what is 66b - 8c?
5ac
In base 5, what is -234444 + 0?
-234444
In base 4, what is -13032321 + 312?
-13032003
In base 15, what is 4 - -44d02?
44d06
In base 15, what is 942 + -103?
83e
In base 8, what is 3323 - 125?
3176
In base 13, what is 0 - -174610?
174610
In base 8, what is -4 - -610571?
610565
In base 3, what is 102 - -2120110210?
2120111012
In base 9, what is 405613 - -4?
405617
In base 16, what is 383 + 28?
3ab
In base 5, what is -13113 - -123?
-12440
In base 12, what is 4 + -96997?
-96993
In base 12, what is -5 + 22714?
2270b
In base 13, what is 32c - 3?
329
In base 4, what is 110231021 + 20?
110231101
In base 2, what is -101010011001011 - 100?
-101010011001111
In base 4, what is -222 - 22221310?
-22222132
In base 12, what is 6 - -274b59?
274b63
In base 6, what is 35530 + 0?
35530
In base 8, what is -20 + 267564?
267544
In base 15, what is -31c5 + -53?
-3228
In base 12, what is 59b3 + -10?
59a3
In base 15, what is -cd + b7?
-16
In base 11, what is -1181 - 1118?
-2299
In base 12, what is 1b + -4a51?
-4a32
In base 16, what is -18c - e5f?
-feb
In base 16, what is -7f8 + 5?
-7f3
In base 15, what is -4 - 255?
-259
In base 5, what is 33210 + -2112?
31043
In base 7, what is 10 - -405?
415
In base 8, what is 35520452 - -3?
35520455
In base 6, what is 12 - -20442?
20454
In base 10, what is -7 + 11183?
11176
In base 2, what is 1101 + 1110001111?
1110011100
In base 10, what is -26 - 1559?
-1585
In base 13, what is a84 + 40?
ac4
In base 11, what is 492a + -77?
4863
In base 12, what is 3 - 52471?
-5246a
In base 14, what is 4a60 + -1?
4a5d
In base 2, what is 1011100 + 101100111010?
101110010110
In base 6, what is 4222 - 435?
3343
In base 7, what is 600 - 13256?
-12356
In base 14, what is -66ba + -18?
-66d4
In base 8, what is -117237 + 0?
-117237
In base 14, what is -1 - -1995?
1994
In base 7, what is 533 + -16562?
-16026
In base 9, what is -3711 + -1271?
-5082
In base 12, what is 4 - 1394a?
-13946
In base 10, what is -39 - 28179?
-28218
In base 10, what is -5 - 77006?
-77011
In base 12, what is -4 + -1388b8?
-138900
In base 15, what is -45 - 6107?
-614c
In base 2, what is 1000111 + -10100011010?
-10011010011
In base 8, what is -63275 - -36?
-63237
In base 9, what is 1088 - -3?
1102
In base 4, what is 11 + 333001122?
333001133
In base 16, what is -12 + -4975?
-4987
In base 2, what is -11 - -111111100111010101?
111111100111010010
In base 13, what is 1 + -441a2?
-441a1
In base 9, what is -2864 - 1276?
-4251
In base 7, what is 2 + 24663?
24665
In base 12, what is 1a9 - -6a?
257
In base 10, what is 1377 + -519?
858
In base 5, what is 31 + -3402122?
-3402041
In base 4, what is 1023001 - 1100?
1021301
In base 12, what is -134 - 79?
-1b1
In base 8, what is 335521 - -1?
335522
In base 10, what is -4 - -1508?
1504
In base 8, what is 71 + -6677?
-6606
In base 14, what is 315 - 8?
30b
In base 3, what is -11122002 - -11101?
-11110201
In base 8, what is -5 - 25025?
-25032
In base 15, what is -16 - -1134?
111d
In base 9, what is -141 + -1355?
-1506
In base 9, what is -1 + 62636?
62635
In base 4, what is -222011031 + 21?
-222011010
In base 7, what is 2326002 + 0?
2326002
In base 14, what is -4 - -d736?
d732
In base 11, what is 11325 - -1?
11326
In base 14, what is 11a - 3d0?
-2b4
In base 8, what is -10 + 1124?
1114
In base 12, what is 11309 - 5?
11304
In base 13, what is -18c + 46?
-146
In base 3, what is -11001 - -1020122010?
1020111002
In base 3, what is 1222212 + 102?
2000021
In base 15, what is -16 + -26621?
-26637
In base 2, what is -101010011100100101 - 10?
-101010011100100111
In base 6, what is 1214432 + -4?
1214424
In base 10, what is -684 - 16?
-700
In base 3, what is 12011221212 - -111?
12011222100
In base 4, what is 12230022 + -3?
12230013
In base 4, what is 10 + 203200?
203210
In base 10, what is 20232 + -1?
20231
In base 6, what is 21 - -1055522?
1055543
In base 16, what is -7e7 - -8?
-7df
In base 15, what is 77 - b?
6b
In base 2, what is -10111011 - 10010100001110?
-10010111001001
In base 14, what is c0d + -30?
bbd
In base 15, what is 15ab7 + -2?
15ab5
In base 14, what is -185c - 6?
-1864
In base 10, what is 0 - -23476?
23476
In base 9, what is 2001 + 15?
2016
In base 10, what is 3 - -119137?
119140
In base 7, what is -5 + -411651?
-411656
In base 5, what is 2 + -2332421?
-2332414
In base 16, what is -4 + -20b4?
-20b8
In base 16, what is 6 - 353f5?
-353ef
In base 15, what is -61a + -12?
-62c
In base 16, what is -bd82c - -1?
-bd82b
In base 16, what is -bea + 8?
-be2
In base 13, what is 1 - -34686?
34687
In base 6, what is 42340 - -112?
42452
In base 16, what is f3640 - 4?
f363c
In base 5, what is 3 - -104003?
104011
In base 10, what is 3 - 305048?
-305045
In base 8, what is 141134 + 0?
141134
In base 5, what is -3440020 - 10?
-3440030
In base 7, what is 11334625 + -4?
11334621
In base 5, what is 102002344 - -10?
102002404
In base 12, what is 14784 - 54?
14730
In base 10, what is 1177767 - 3?
1177764
In base 3, what is 1 - -111020222?
111021000
In base 8, what is 4 + -1777660?
-1777654
In base 11, what is -13985 + 11?
-13974
In base 15, what is 14db + -2e?
14ac
In base 7, what is -31 - -6510?
6446
In base 11, what is -2a936 - 6?
-2a941
In base 10, what is -2711 - -23?
-2688
In base 14, what is -89b - -4?
-897
In base 10, what is -183815 - 1?
-183816
In base 8, what is 527 + -3525?
-2776
In base 14, what is 7a214 + 1?
7a215
In base 16, what is -30c - -3ba?
ae
In base 11, what is -3 - -41a98?
41a95
In base 13, what is 3 + -232?
-22c
In base 5, what is 1 + -1044024?
-1044023
In base 3, what is -10200100110 - -11?
-10200100022
In base 7, what is -142300 + 24?
-142243
In base 5, what is 2 + 3220102?
3220104
In base 13, what is 1c617 - -3?
1c61a
In base 12, what is 63a0 + -5?
6397
In base 6, what is -5 + 5332510?
5332501
In base 15, what is -2 + 19134?
19132
In base 7, what is 55555 + -156?
55366
In base 10, what is -2034 + 5?
-2029
In base 16, what is 109aad - 2?
109aab
In base 15, what is 7325 + 6?
732b
In base 7, what is -1 + 102145?
102144
In base 12, what is -5 - -26358a?
263585
In base 10, what is -5 + -118906?
-118911
In base 12, what is -11 - 1077?
-1088
In base 3, what is 1012011202 - -2?
1012011211
In base 7, what is 6 - 45641?
-45632
In base 12, what is -4 + 1830a?
18306
In base 15, what is -1 + 211a?
2119
In base 5, what is 240331 + 32?
240413
In base 6, what is -1 - -3141431?
3141430
In base 4, what is -100 - 233311212?
-233311312
In base 4, what is 13111103230 - -10?
13111103300
In base 6, what is -1420 - 5422?
-11242
In base 8, what is -270525 - -17?
-270506
In base 14, what is 142c + -7?
1425
In base 4, what is -10121200 - -2?
-10121132
In base 14, what is -1c + 2844?
2826
In base 14, what is -2 + 170469?
170467
In base 7, what is -13 - 1050?
-1063
In base 15, what is -cce - 7?
-cd6
In base 12, what is -11 + -43?
-54
In base 9, what is -12135 - 5?
-12141
In base 7, what is 3466 - -543?
4342
In base 16, what is d + 5240?
524d
In base 11, what is -523513 - 0?
-523513
In base 5, what is 13004 + -331?
12123
In base 6, what is -452442 - 3?
-452445
In base 2, what is -10001101000 - 11010100000?
-101100001000
In base 13, what is 79bb + 1c?
7a0a
In base 5, what is -1 - -30403?
30402
In base 9, what is 283806 + -4?
283802
In base 14, what is -601 - 2?
-603
In base 4, what is -1202123 + 3?
-1202120
In base 3, what is 20 - 102100220?
-102100200
In base 10, what is 280 + -37?
243
In base 3, what is 2010220 - 1101222?
201221
In base 12, what is -169 + -665?
-812
In base 11, what is a595 - -9?
a5a3
In base 14, what is 1 + 2db84?
2db85
In base 12, what is -734 + -39b?
-b13
In base 14, what is -6 + -265c4?
-265ca
In base 12, what is 52 + -5811?
-577b
In base 6, what is -3 + 501052?
501045
In base 10, what is 4469 + -707?
3762
In base 7, what is -100620 - -1?
-100616
In base 8, what is -4331 - -326?
-4003
In base 13, what is -2 - 3182?
-3184
In base 7, what is -6 + -35125?
-35134
In base 8, what is 2 + 2530?
2532
In base 11, what is -1